 the millions digit of 12812304?
2
What is the hundreds digit of 1921372586?
5
What is the millions digit of 160003676?
0
What is the units digit of 46795778?
8
What is the thousands digit of 4625811351?
1
What is the hundreds digit of 20541060?
0
What is the millions digit of 21431259?
1
What is the millions digit of 31147706?
1
What is the ten thousands digit of 1125363862?
6
What is the ten thousands digit of 6086426?
8
What is the tens digit of 2590987404?
0
What is the millions digit of 535697664?
5
What is the tens digit of 1756441272?
7
What is the ten millions digit of 214540129?
1
What is the hundred millions digit of 1159173927?
1
What is the millions digit of 47524527?
7
What is the hundred thousands digit of 26584516?
5
What is the ten thousands digit of 2690189035?
8
What is the ten thousands digit of 426816330?
1
What is the tens digit of 445994428?
2
What is the thousands digit of 286968682?
8
What is the tens digit of 231254147?
4
What is the millions digit of 630681974?
0
What is the hundred millions digit of 298396674?
2
What is the hundred thousands digit of 4925517155?
5
What is the ten thousands digit of 15833210?
3
What is the units digit of 4649261913?
3
What is the tens digit of 60720006?
0
What is the units digit of 893690737?
7
What is the hundreds digit of 138033970?
9
What is the ten millions digit of 109183005?
0
What is the hundreds digit of 28372519?
5
What is the hundreds digit of 8010361091?
0
What is the ten millions digit of 205231603?
0
What is the units digit of 510252676?
6
What is the ten thousands digit of 2082776849?
7
What is the hundreds digit of 81156111?
1
What is the tens digit of 49070626?
2
What is the thousands digit of 110893379?
3
What is the tens digit of 991344799?
9
What is the ten millions digit of 1369918134?
6
What is the tens digit of 62977002?
0
What is the millions digit of 261036585?
1
What is the ten thousands digit of 215445821?
4
What is the ten millions digit of 474266484?
7
What is the ten thousands digit of 1697610314?
1
What is the units digit of 15696245?
5
What is the hundred thousands digit of 13408835?
4
What is the hundreds digit of 29228919?
9
What is the ten millions digit of 139799291?
3
What is the millions digit of 275767030?
5
What is the hundred millions digit of 8388835594?
3
What is the hundred thousands digit of 181869556?
8
What is the hundred millions digit of 220008707?
2
What is the units digit of 23134889?
9
What is the ten millions digit of 19970733?
1
What is the thousands digit of 477517989?
7
What is the tens digit of 443651267?
6
What is the ten millions digit of 5658438993?
5
What is the ten millions digit of 78684576?
7
What is the units digit of 35103812?
2
What is the millions digit of 863955067?
3
What is the thousands digit of 2204320559?
0
What is the units digit of 1501849490?
0
What is the units digit of 21870529?
9
What is the hundred millions digit of 920255090?
9
What is the units digit of 1080219565?
5
What is the hundred thousands digit of 87100801?
1
What is the ten millions digit of 12904847?
1
What is the billions digit of 1839218496?
1
What is the hundreds digit of 611151174?
1
What is the tens digit of 54989147?
4
What is the tens digit of 641452371?
7
What is the tens digit of 169357740?
4
What is the hundred thousands digit of 21542049?
5
What is the ten millions digit of 142621335?
4
What is the thousands digit of 35878935?
8
What is the tens digit of 63940306?
0
What is the units digit of 423898729?
9
What is the ten thousands digit of 3783712777?
1
What is the ten millions digit of 97261938?
9
What is the tens digit of 49280908?
0
What is the millions digit of 245495208?
5
What is the millions digit of 70860171?
0
What is the units digit of 2653230157?
7
What is the hundred millions digit of 1062775585?
0
What is the units digit of 384918159?
9
What is the ten thousands digit of 373628216?
2
What is the units digit of 4761772121?
1
What is the hundreds digit of 443620850?
8
What is the thousands digit of 262793483?
3
What is the hundred thousands digit of 3141717?
1
What is the hundred thousands digit of 175554219?
5
What is the units digit of 3697253985?
5
What is the tens digit of 246306820?
2
What is the tens digit of 83734075?
7
What is the ten thousands digit of 90624963?
2
What is the tens digit of 112740243?
4
What is the units digit of 2898852010?
0
What is the hundred thousands digit of 282243402?
2
What is the hundred thousands digit of 84242393?
2
What is the hundreds digit of 51562377?
3
What is the ten thousands digit of 67372767?
7
What is the ten thousands digit of 78837693?
3
What is the millions digit of 427996755?
7
What is the hundreds digit of 18746433?
4
What is the ten thousands digit of 2732932699?
3
What is the units digit of 598334181?
1
What is the tens digit of 115189638?
3
What is the thousands digit of 3064523349?
3
What is the hundred thousands digit of 117524536?
5
What is the tens digit of 225462605?
0
What is the hundred thousands digit of 4139252442?
2
What is the tens digit of 4386937782?
8
What is the thousands digit of 8165577118?
7
What is the thousands digit of 1265054146?
4
What is the tens digit of 205913521?
2
What is the billions digit of 3483229272?
3
What is the units digit of 414103389?
9
What is the billions digit of 4076937024?
4
What is the units digit of 3842445913?
3
What is the hundred thousands digit of 479692770?
6
What is the hundreds digit of 82001194?
1
What is the millions digit of 16408135?
6
What is the tens digit of 22494254?
5
What is the hundreds digit of 4864618659?
6
What is the hundred millions digit of 205087714?
2
What is the thousands digit of 233749587?
9
What is the hundreds digit of 6028669370?
3
What is the thousands digit of 32801493?
1
What is the thousands digit of 4462678?
2
What is the hundred millions digit of 1200941737?
2
What is the units digit of 460348292?
2
What is the tens digit of 170827248?
4
What is the hundred millions digit of 3464777875?
4
What is the tens digit of 436226223?
2
What is the ten thousands digit of 45509482?
0
What is the thousands digit of 61686264?
6
What is the tens digit of 43956854?
5
What is the tens digit of 3151036052?
5
What is the ten millions digit of 106882278?
0
What is the ten thousands digit of 115162813?
6
What is the millions digit of 2001200048?
1
What is the hundreds digit of 61637361?
3
What is the hundred millions digit of 259650112?
2
What is the units digit of 174518756?
6
What is the hundred thousands digit of 2893202837?
2
What is the millions digit of 804587183?
4
What is the hundreds digit of 50611279?
2
What is the ten thousands digit of 93269008?
6
What is the millions digit of 41308059?
1
What is the hundreds digit of 230649347?
3
What is the tens digit of 831870476?
7
What is the ten millions digit of 341099975?
4
What is the hundred millions digit of 1026769779?
0
What is the thousands digit of 325371072?
1
What is the thousands digit of 147695560?
5
What is the billions digit of 1359924676?
1
What is the hundreds digit of 92509722?
7
What is the millions digit of 2214035506?
4
What is the ten thousands digit of 1132874302?
7
What is the hundreds digit of 2848329535?
5
What is the thousands digit of 121850529?
0
What is the hundred millions digit of 118479615?
1
What is the hundred thousands digit of 63673422?
6
What is the units digit of 62535005?
5
What is the units digit of 14527468?
8
What is the ten millions digit of 9052176259?
5
What is the ten millions digit of 96517054?
9
What is the ten thousands digit of 94605808?
0
What is the thousands digit of 911315723?
5
What is the hundreds digit of 172321907?
9
What is the thousands digit of 240441891?
1
What is the hundreds digit of 231378418?
4
What is the hundreds digit of 196842605?
6
What is the millions digit of 1264105050?
4
What is the units digit of 214967188?
8
What is the tens digit of 8555653?
5
What is the millions digit of 65762555?
5
What is the ten millions digit of 2370876911?
7
What is the tens digit of 61068704?
0
What is the millions digit of 33301473?
3
What is the thousands digit of 525279?
5
What is the hundred millions digit of 2722071407?
7
What is the ten thousands digit of 7638334?
3
What is the hundred thousan